uppose 0 = -5*c + 3*q - 0 + 19, c - 17 = 5*q. Let s(t) = c - t**3 + 4 + 12*t**2 - 7*t - 5*t**2. Calculate s(w).
0
Suppose 5*u + 3*p - 82 = -0*u, 5*u = -2*p + 83. Let v = u - 40. Let o = v + 22. Let s(h) = -7*h - 1. Give s(o).
6
Let u(k) = -29 + k + 126 + k**2 - 98. Let n = 0 - 2. Let x = 1 - n. Calculate u(x).
11
Let z(o) = -6*o**2 + 3*o - 3. Let m be z(2). Let j be 9/m - (-10)/7. Let p(f) be the first derivative of 7*f**3/3 - 213. Calculate p(j).
7
Let q(g) = -4*g - 10. Let u = -76 - 82. Let h = 151 + u. Give q(h).
18
Let o(m) = 120*m - m - 67 - 125 - 101*m + 19. What is o(10)?
7
Let k(z) = z - 41. Let h(n) = n. Let v(c) = 6*h(c) - k(c). Give v(-13).
-24
Let m = 15 - 11. Let v(a) = 66*a + 73*a + 75*a - 211*a - 1 - 3. Calculate v(m).
8
Let o(h) = h**3 + 9*h**2 - 11*h - 6. Let t be (-310)/30 + (-4 - -1)*(-6)/54. Give o(t).
4
Let j = 729 - 716. Let a(f) = -f**2 + 14*f - 2. Determine a(j).
11
Let f = 195 - 192. Let b(d) = -1 - d**3 - 7*d**2 - 4*d + f + 1. What is b(-6)?
-9
Let j(h) be the second derivative of -13/2*h**2 - 2*h - 1/3*h**3 + 16. Calculate j(-7).
1
Let v be -5 - (3 + -3 + -1). Let s(b) be the second derivative of b**5/20 + 5*b**4/12 + b**3 + 3*b + 20. What is s(v)?
-8
Let a(l) = -8 + 89*l - 22 + 98*l + 103*l - 292*l. Give a(-18).
6
Let n(b) = 2*b**2 - 2*b - 2. Let g = -1428 - -1432. Calculate n(g).
22
Let v(p) = -89*p**2 - 44*p - 127. Let l(f) = 21*f**2 + 11*f + 32. Let t(o) = 17*l(o) + 4*v(o). What is t(-7)?
8
Let j(a) = a**3 - 7*a**2 + a - 4. Let b be (4 - -1) + -4 + 2. Let k be (4 - b) + 21/(-7). Let m be (k/(-6))/(22/21 + -1). Give j(m).
3
Let t(q) be the third derivative of 22*q**2 - 1/24*q**4 + 0 + 7/360*q**6 - 3*q**3 + 0*q**5 + 0*q. Let d(x) be the first derivative of t(x). Calculate d(1).
6
Let x be (2 - -22)/3 - 3. Suppose 0 = -s - 5, x*t - 44 = t + 4*s. Suppose -t*m = 6*m. Let i(a) = -a**2 + 5. Give i(m).
5
Let f(y) be the first derivative of -1/4*y**4 - 177 + 2*y + 0*y**2 - 1/3*y**3. Give f(0).
2
Let i(n) = n**3 + 9*n**2 - 7. Suppose -171*c - 5940 = -159*c. Let w = 486 + c. Determine i(w).
-7
Let b(z) = -13*z + 69. Suppose 13*c - 9*i - 60 = 9*c, -2*i - 32 = -4*c. Determine b(c).
-9
Let j(u) = 2*u**2 + 4*u + 3. Suppose 94 - 79 = 3*y. Suppose -y*l + 5 = -c + 1, 3*c = -l - 12. Calculate j(c).
19
Let w(d) = d**3 - 7*d**2 + 5*d + 4. Let r be 289/((9 + -8)/(1 - 0)). Let p = r - 283. Determine w(p).
-2
Let p(v) = v**2 + 5*v - 4. Let x be -19 + 18 + (-9 - 0). What is p(x)?
46
Let l(q) = -q**2 + 44*q - 121. Let k be (-1681)/123*(-3 - 0). Give l(k).
2
Let n(y) = -169*y + 346*y - 174*y - 4*y**2 + 3*y**3 - 29. Let b(p) = -2*p**3 + 2*p**2 - 2*p + 20. Let z(d) = -7*b(d) - 5*n(d). Determine z(6).
-1
Let a(j) = -122*j**3 - 113*j**3 - 114*j**3 + 1 - 124*j**3 + 463*j**3 + 4*j + 4*j**2. Give a(-2).
89
Let l(q) = -2*q**3 + 4*q**2 + 30*q + 37. Let g(p) = -p**3 + p**2 + 16*p + 19. Let u(y) = 7*g(y) - 4*l(y). Give u(10).
5
Let v(o) be the third derivative of 5*o**4/8 - 11*o**3/6 + 1801*o**2. Give v(4).
49
Let v(i) = 51*i**2 - 23*i + 52. Let s(r) = -61*r**2 + 24*r - 53. Let y(l) = -5*s(l) - 6*v(l). Determine y(14).
9
Let u(m) = -m**2 - 97*m + 1415. Let j be u(13). Let x(h) = -h + 4. Calculate x(j).
19
Let s(y) = -y**2 - 6521*y + 3259*y + 0*y**2 - 16*y**3 - 1 + 3263*y. Suppose c - 4*c - 2 = -t, 2*t - 4 = c. Suppose 2*u - t = -0*u. Give s(u).
-17
Let w(l) = 3 + 96*l + 0 - 100*l. Let r(p) = -9*p + 6. Let t(f) = 3*r(f) - 5*w(f). Determine t(4).
-25
Suppose -2*n + 5 = -4*x + 15, 2 = 2*x - 2*n. Suppose -52*h + 29 = -51*h - 2*w, -2*w - 4 = 0. Let r(v) = -27 + h + v**2 - 5*v - 13*v + 15*v. Determine r(x).
2
Let d = -5157 + 5146. Let n(c) = -13*c - 43. Calculate n(d).
100
Suppose 5*a + 2*x = 2*a, x + 3 = 0. Let g(b) = b**3 + 20*b**2 - 2*b**3 - 16*b**a - 1. Calculate g(3).
8
Let g be -11*(-3 + 2)/(1 + 0). Let q(s) = 7*s**2 + 21*s - 2. Let k(j) = -5*j**2 - 10*j + 3. Let l(t) = -3*k(t) - 2*q(t). What is l(g)?
-16
Let x(t) = 2*t + 1. Let l(r) = 3*r + 26. Let v be l(-7). Suppose -v*k = -12*k - 35. Calculate x(k).
-9
Let d(l) = -28*l**2 + 4*l - 3. Let w(q) = q**2 - q + 1. Let c(n) = d(n) + 3*w(n). Let p = 13955 - 13954. What is c(p)?
-24
Let u(l) = 759*l - 30 - 268*l + 22*l**2 - 2 - l**3 - 469*l. Calculate u(23).
-55
Let d(r) = r**3 + 16*r**2 - 3*r - 46. Suppose 5*s - 512 = 4*a - 612, -5 = -a. Calculate d(s).
2
Let i(n) = 974 + 248*n - 226*n - 981. Determine i(1).
15
Let w(o) = -10*o + 3. Suppose 4*j + 2 = -2*z - 0*j, -2*z - 2*j = -6. Let a(g) = 18*g - 5. Let c(t) = z*w(t) + 4*a(t). Determine c(-2).
-3
Let y be 2*((-21)/(-2) + (-858)/66). Let q(d) be the first derivative of d**4/4 + 7*d**3/3 + 5*d**2/2 + d - 2. Calculate q(y).
26
Let u(s) = 1189*s - 10 - 586*s - 596*s. Let c(p) be the first derivative of 6*p**2 - 20*p - 3. Let l(x) = 3*c(x) - 5*u(x). Calculate l(9).
-1
Suppose 47*j = -4*j + 7*j - 176. Let g(s) = s**2 + 6*s + 10. What is g(j)?
2
Let f(s) = -s**2 - s + 150. Let z(n) = -423*n + 4217. Let d be z(10). Determine f(d).
-6
Let n(v) = -35086 - 6*v**2 + 23*v**3 + 35072 - 22*v**3. What is n(6)?
-14
Let r(w) = -w**2 + 33*w - 185. Let u(b) = -b**2 - 38*b - 79. Let x be u(-35). Let f be r(x). Let a(i) = i**2 - i - 7. Calculate a(f).
5
Suppose -38 = -10*a + 8*a. Suppose 2*j + 3*j = 20. Let c(t) = -a*t**3 + 6*t + j - 7*t**2 - 1 + 20*t**3. Calculate c(5).
-17
Let w(s) = s. Let i(r) = 14*r + 2. Let q(n) = i(n) - 10*w(n). Suppose 10 = g + 2*j, -4*g + 24 + 4 = 5*j. Suppose -g*v + 19 = v - a, -16 = 4*a. Calculate q(v).
22
Suppose 4*m - l - 13 = -8, 0 = -5*m + 5*l + 25. Let d(n) = -2*n + 23. Give d(m).
23
Let j(i) = i**3 + 25*i**2 + 22*i - 53. Suppose -5*r = -3*v - 92, -125*v + 121*v + 2*r - 104 = 0. Determine j(v).
-5
Let h(l) = -l**3 + l**2 - l - 3. Let a = -82 - -84. Suppose 0 = -13*f - 2 + a. Give h(f).
-3
Let q(f) = 3*f**2 + 18*f - 9. Suppose 70*d = -71*d + 143*d + 12. Calculate q(d).
-9
Let u(h) = h**3 + 6*h**2 - 7*h + 4. Let x be 1686/10 - 12/(-30). Let c be -31*39/x + 2/13. What is u(c)?
4
Let c(t) = t**3 + 10*t**2 + 10. Let k(y) be the first derivative of 15 + 6*y**2 + 1/3*y**3 + 10*y. Let g be k(-10). What is c(g)?
10
Let u(r) be the first derivative of 73 - 3*r + 1/2*r**2. Suppose -5*i - 5 - 5 = 2*w, -2*i - 3*w = -7. Give u(i).
-7
Let x(a) be the first derivative of -a**4/4 - 10*a**3/3 - 3*a**2/2 - 15*a - 2970. What is x(-10)?
15
Let w(v) = -25 + 10*v + v + 10*v - 4*v - v**2. Let u be w(2). Let h(z) = -z + 10. What is h(u)?
5
Let y(f) be the third derivative of 1/10*f**5 + 1/6*f**3 + 0*f + 1/24*f**4 + 1/120*f**6 - 25*f**2 + 0. What is y(-6)?
-5
Let i(d) = -1. Let v = 43 + -42. Let s(c) = 3*c - 3. Let n(m) = v*s(m) - 4*i(m). Let k(y) = y**3 + y**2 - y + 1. Let a be k(-2). Calculate n(a).
-2
Let p = -17924 + 17916. Let o(y) be the third derivative of y**6/120 + 2*y**5/15 - y**4/8 - 2*y**3 - 2*y**2. Calculate o(p).
12
Let n(b) = b**3 - 7*b**2 - 31*b - 3. Let l be -22 - -28 - ((-15)/20 - (-26)/(-8)). Give n(l).
-13
Let f(a) = a + 484 - 10*a**2 - 484. Let s = -268 + 427. Let x = s - 160. Calculate f(x).
-11
Let m(o) = 17*o + 129. Let k be m(3). Suppose k = -6*d + 174. Let x(z) = 3*z + 1. Determine x(d).
-2
Let u(v) = 4 + v**2 - 2 - 89*v + 80*v. Let n(h) = -h**3 - 13*h**2 + 5*h + 14. Let y be n(-13). Let j = y - -60. Calculate u(j).
2
Let r(d) = -2*d + 7. Let v be r(8). Let c(n) = -9*n - 71. Let j be c(v). Let f(s) = 2*s - 4. Calculate f(j).
16
Let c(r) = -18*r + 17*r + 18 + 23 - 9 + 18. What is c(-5)?
55
Let v(p) be the second derivative of -1/6*p**3 - 4 + 1/12*p**4 + 9/2*p**2 + 5*p. Give v(0).
9
Let u(q) = -9*q - 3. Let z be u(-2). Let w be ((-21)/z - -2) + (-6)/10. Let m(x) = 33 - x**2 - 35 + w*x**2 + 4*x. Determine m(2).
2
Let n(u) = 24*u**3 - 16*u**2 + 13*u + 7. Let s(c) = 38 + 4*c - 36 + c**3 + 6*c**3 - 5*c**2. Let z(q) = -2*n(q) + 7*s(q). Determine z(3).
6
Let n(c) be the third derivative of -1/3*c**4 - 16 - 2/3*c**3 + 0*c - 1/60*c**5 - c**2. Give n(-6).
8
Suppose 4*k - 2*y - 210 = -0*y, -160 = -3*k - y. Let p = 68 - k. Suppose 9*f + 33 - p = 0. Let v(h) = 7*h. Determine v(f).
-14
Let d be (-128)/(-22) - 6 - 169/(-143). Let p(r) = r. Let q(s) = 0 - 7*s + 1 - 4. Let u(y) = d*q(y) + 5*p(y). Give u(4).
-11
Let f(g) = g + 3. Let s be (-3)/((-165)/10) - (-4)/(-22). Let w(x) = 2*x + 18. Let y be w(s). Suppose -7*r + 4*r = -4*h + y, -2*h = -4*r - 24. What 